4
Calculate the highest common divisor of 302 and 247621729.
151
What is the greatest common divisor of 2350 and 411720?
470
What is the greatest common factor of 4608 and 2353248?
288
What is the highest common factor of 4484 and 4271836?
236
Calculate the highest common factor of 4 and 63904.
4
Calculate the highest common factor of 762289960 and 395.
395
Calculate the highest common factor of 155537787 and 5142.
2571
Calculate the highest common divisor of 10 and 2303348.
2
What is the greatest common divisor of 733866 and 15150?
606
Calculate the highest common factor of 4365816 and 924.
84
What is the greatest common factor of 463700 and 83100?
100
Calculate the highest common divisor of 567814623 and 291.
291
Calculate the greatest common factor of 2301 and 1119885.
39
Calculate the highest common divisor of 2424700 and 86000.
100
Calculate the greatest common factor of 8 and 598823776.
8
Calculate the greatest common divisor of 41248634 and 56.
14
What is the greatest common factor of 36497842 and 1106?
158
What is the highest common divisor of 3036 and 426517773?
759
Calculate the greatest common divisor of 2975 and 8397949.
119
Calculate the highest common factor of 7471988 and 1168.
292
What is the highest common factor of 1091755791 and 11214?
5607
What is the greatest common divisor of 124 and 8085356?
4
What is the highest common divisor of 5699 and 47?
1
What is the highest common divisor of 311960 and 10560?
440
Calculate the highest common factor of 83659 and 60256.
269
Calculate the greatest common factor of 368 and 8790304.
16
What is the highest common divisor of 6864 and 269456?
176
Calculate the greatest common divisor of 19 and 38401166.
19
Calculate the greatest common factor of 22091313 and 534.
267
What is the highest common factor of 198357058 and 530?
106
What is the highest common divisor of 72171292 and 21696?
452
Calculate the greatest common factor of 5005515973 and 457.
457
What is the highest common divisor of 17189295 and 510?
255
What is the highest common divisor of 99729621 and 6939?
2313
What is the highest common divisor of 331 and 227858083?
331
Calculate the highest common divisor of 21 and 1091148114.
21
What is the highest common factor of 144 and 123269712?
48
What is the highest common divisor of 4006899052 and 12428?
12428
What is the greatest common divisor of 1390879 and 69?
23
Calculate the highest common divisor of 42 and 1237586.
14
Calculate the highest common factor of 945 and 27867915.
135
What is the highest common factor of 663 and 1979457?
3
What is the highest common factor of 1090 and 37833246?
218
What is the greatest common factor of 69 and 10538991?
69
Calculate the highest common factor of 5910 and 296011806.
1182
What is the highest common divisor of 48006 and 53715158?
1778
What is the greatest common divisor of 496704768 and 784?
784
What is the highest common factor of 1963858 and 2340?
26
What is the highest common factor of 7051418 and 66?
22
Calculate the greatest common factor of 1674261 and 10089.
171
Calculate the highest common factor of 3162 and 14236378.
1054
What is the greatest common divisor of 69347432 and 924?
308
What is the highest common factor of 1430569 and 2219?
7
Calculate the greatest common factor of 69275153 and 122060.
6103
Calculate the highest common factor of 72480 and 3302672.
2416
Calculate the greatest common factor of 95603113 and 13787.
811
Calculate the highest common factor of 132867 and 7437.
111
What is the highest common divisor of 174318239 and 31?
31
What is the greatest common factor of 743950663 and 5451?
1817
Calculate the highest common factor of 146246373 and 182.
91
What is the greatest common factor of 11436 and 2669353?
953
Calculate the greatest common factor of 1514415 and 133.
7
What is the greatest common divisor of 4180 and 588999620?
4180
What is the greatest common divisor of 708 and 170946836?
236
What is the highest common divisor of 70941 and 24429?
51
What is the greatest common divisor of 2400798 and 3390?
678
What is the highest common divisor of 279896745 and 30?
15
What is the highest common divisor of 1118 and 357492239?
559
Calculate the highest common factor of 120 and 37479960.
120
Calculate the greatest common factor of 20807760 and 240.
240
What is the greatest common divisor of 145096870 and 10?
10
Calculate the highest common divisor of 5903967 and 6.
3
Calculate the greatest common divisor of 9285495 and 345.
15
What is the highest common factor of 750 and 548601500?
250
Calculate the highest common factor of 56294 and 182.
14
Calculate the highest common divisor of 136712 and 2944.
184
What is the highest common factor of 5810 and 11660?
10
Calculate the highest common divisor of 9976830 and 30.
30
What is the greatest common divisor of 2184 and 4410536?
104
What is the highest common divisor of 2383976 and 168?
56
What is the highest common factor of 20 and 1211285?
5
What is the highest common factor of 76205774 and 334?
334
Calculate the highest common divisor of 979 and 2156648890.
979
Calculate the greatest common factor of 44 and 3351073.
11
Calculate the highest common divisor of 37090 and 2399723.
3709
Calculate the highest common divisor of 11571 and 179151.
399
What is the greatest common factor of 1893909 and 19107?
579
What is the highest common factor of 32041041 and 1527?
1527
What is the greatest common factor of 540929 and 4695367?
1291
What is the greatest common divisor of 375610512 and 9265?
1853
Calculate the greatest common factor of 191360004 and 44.
44
What is the highest common divisor of 1179223374 and 3108?
1554
What is the greatest common divisor of 2764 and 19740?
4
What is the highest common divisor of 145 and 8009858?
29
Calculate the greatest common divisor of 4828 and 36765788.
284
What is the highest common divisor of 10800 and 40383900?
2700
What is the greatest common factor of 3838 and 168150?
38
Calculate the highest common divisor of 475 and 3182325.
25
Calculate the highest common divisor of 2117 and 108828619.
2117
What is the greatest common divisor of 59 and 1592882?
59
Calculate the greatest common factor of 966001665 and 215.
215
Calculate the highest common divisor of 792134 and 10031770.
5782
What is the highest common divisor of 2402961204 and 5964?
5964
What is the highest common factor of 54 and 5860467?
9
Calculate the greatest common divisor of 7803198 and 1872.
234
What is the greatest common factor of 15356 and 373668716?
1396
What is the highest common divisor of 153845204 and 76?
76
Calculate the greatest common divisor of 7666 and 3706.
2
What is the highest common factor of 1096333417 and 1513?
1513
What is the highest common divisor of 946 and 247039859?
473
What is the greatest common factor of 91 and 996385?
13
Calculate the greatest common divisor of 934 and 215586814.
934
What is the greatest common factor of 40 and 306665530?
10
Calculate the greatest common divisor of 36688373 and 131575.
5263
Calculate the greatest common factor of 1044105 and 1278103.
1481
Calculate the greatest common divisor of 6729750 and 19440.
270
Calculate the greatest common divisor of 2071 and 127972758.
109
Calculate the greatest common factor of 3616211 and 81297.
3011
What is the greatest common factor of 81 and 330661926?
81
Calculate the highest common factor of 25897320 and 40824.
648
What is the greatest common divisor of 641772 and 7164?
36
What is the greatest common divisor of 30955 and 15100?
755
Calculate the greatest common factor of 350282565 and 1590.
795
What is the greatest common factor of 742876 and 5725?
229
What is the greatest common divisor of 615511 and 361597?
419
What is the greatest common divisor of 266 and 33746594?
14
What is the greatest common divisor of 1020 and 715190680?
340
Calculate the greatest common factor of 51809385 and 395.
395
What is the greatest common divisor of 630 and 1626219?
63
Calculate the greatest common factor of 1377 and 88365087.
81
Calculate the highest common factor of 23342612 and 55676.
1796
Calculate the highest common divisor of 21824 and 165760.
64
What is the highest common divisor of 26 and 72323290?
26
Calculate the highest common factor of 18290723 and 363.
121
Calculate the highest common facto